 factors of i(3).
2, 17
Let r = 171 + -13. What are the prime factors of r?
2, 79
Suppose -131003 = -37*z - 16081. What are the prime factors of z?
2, 1553
Suppose 5*t = 27 - 12, 5*a - 3*t - 12626 = 0. List the prime factors of a.
7, 19
Let n = -2 - -13. Let q = -9 + n. Suppose q*w = i - 23, -4*i = 4*w + 4 - 36. List the prime factors of i.
13
Let r(n) = -n**2 + 6*n - 4. Let c be r(3). Suppose 5*b + 0 = c, g + 4*b - 6 = 0. Suppose -76 = -6*z + g*z. List the prime factors of z.
19
Let a be (-10)/((-7)/((-7)/(-2))). Suppose 0 = 4*c - 4*o - 36, 20 = 3*c - a*o + 1. Suppose -h + 10 = -c. List the prime factors of h.
23
Let i = 1095 - -37. List the prime factors of i.
2, 283
Let m = 45 + -95. What are the prime factors of (-2)/5 + (-10620)/m?
2, 53
Let x = 5 + -3. Suppose -21 - 15 = 2*l - 5*g, 2*l + 42 = x*g. Let w = 13 - l. What are the prime factors of w?
2, 3
Suppose -8*u + 970 = -16054. List the prime factors of u.
2, 7, 19
Let d(r) = 39*r**2 - 15*r - 4. Let i(f) = 58*f**2 - 22*f - 6. Let b(o) = -7*d(o) + 5*i(o). What are the prime factors of b(2)?
2, 7
Suppose 3 = -5*n + 18. Suppose -v + 16 = n*v. Suppose -4*c - 7 = -3*c + v*g, -5*c - 3*g = -50. What are the prime factors of c?
13
Let v(c) = -c**3 + 221. List the prime factors of v(0).
13, 17
Let g = 3561 + -2301. List the prime factors of g.
2, 3, 5, 7
Suppose -489 = -w + h, 4*w + 6*h = h + 2001. Suppose -7*p = w - 1733. List the prime factors of p.
3, 59
Let k(r) = 146*r**2 + 15*r - 2. What are the prime factors of k(-3)?
7, 181
Let w(a) = -2*a**2 + 93. Let p be w(0). Let i = p - 65. Suppose 5*b - 47 = -3*n + 8, -b = -2*n + i. What are the prime factors of n?
3, 5
What are the prime factors of (10873/(-6))/(-1) + (-168)/1008?
2, 3, 151
Suppose -3*c + 27*h - 29*h + 1542 = 0, -522 = -c + 2*h. List the prime factors of c.
2, 3, 43
Suppose 5*a - 2*r = 4026, 5*a = -5*r + 2*r + 4036. List the prime factors of a.
2, 13, 31
Suppose -5*j = -2*j - 81. Suppose j = 5*w + 4*p, w + 2 = -p + 8. Suppose 148 = o + w*o. List the prime factors of o.
37
Let s be 3 + (-5)/(5/3). Suppose -2*z + 2 = -s*z - 2*w, 3*z = -w - 5. Let y = 14 + z. List the prime factors of y.
13
Let w = 0 - 0. Suppose 0*o - 5*o - 115 = w. Let h = -13 - o. List the prime factors of h.
2, 5
What are the prime factors of ((-2807)/7 - -2)/(-1)?
3, 7, 19
Suppose 5*c = -2*o + 4764, 22*c = 19*c - o + 2858. List the prime factors of c.
2, 7, 17
Let b = 65 + -34. Let a(w) = -w + 4*w**3 - 3*w**3 + 3*w - w + b. What are the prime factors of a(0)?
31
What are the prime factors of 2/(-3)*(-14)/(98/2877)?
2, 137
Let n(d) = -d**2 - 6*d + 6. Let h be n(-7). Let o(j) = 0*j**2 + 3*j**2 - j - j**2. What are the prime factors of o(h)?
3
Let s(t) = 2*t**3 - 20*t**2 + t - 176. What are the prime factors of s(17)?
13, 23
Let y = 1909 + -1472. List the prime factors of y.
19, 23
Suppose 72 = 3*j - 378. Let r = j - -86. What are the prime factors of r?
2, 59
Let m(b) = -b**2 - 71*b + 10. What are the prime factors of m(-31)?
2, 5
Suppose -2 = q - 0*q. What are the prime factors of 2*(4 - 53/q)?
61
Let f(o) = o + 5. Let y be f(-7). What are the prime factors of y*8/(-12)*198/8?
3, 11
Let l(a) = -86*a + 371. List the prime factors of l(-13).
1489
Suppose 16 = -10*z + 96. Suppose -z*x = -2*x - 690. What are the prime factors of x?
5, 23
Let i = -20 + 25. Let k(f) = -f**3 + 5*f**2 + f. Let a be k(i). Suppose 0*m + x - 16 = -m, -a*m + 3*x = -104. List the prime factors of m.
19
Let u = 16 - 31. Let w be u/2*14/(-21). Let v(z) = -z**3 + 7*z**2 - 7*z + 6. List the prime factors of v(w).
3, 7
Let c = 50 + -36. Suppose b + 4*z + c = 4, -2*z - 110 = 4*b. Let h = 59 + b. What are the prime factors of h?
29
Suppose w + 4*g = -7, 7*w + 5*g = 2*w - 5. List the prime factors of 59 + -1 + (-1 - (w - 5)).
61
Suppose 18*c = 24*c - 4086. List the prime factors of c.
3, 227
List the prime factors of 6*-42*19/(-19).
2, 3, 7
Suppose -33*v + 4458 = -31*v - 4*g, -5*v - 4*g = -11117. What are the prime factors of v?
5, 89
Let a = -442 + 874. List the prime factors of a.
2, 3
Let c = -7 - -34. Let k be (c/36)/((-2)/(-48)). Let d = k + 20. What are the prime factors of d?
2, 19
Suppose -1096 = s - 2*s - 5*z, s + z - 1112 = 0. What are the prime factors of s?
2, 3, 31
Let g(z) = -10 - 8*z - 14 - z**2 + 13 - 7*z. What are the prime factors of g(-8)?
3, 5
Let z = 17 + -71. What are the prime factors of (-3282)/z - (-2)/9?
61
Let q = 260 - 28. What are the prime factors of q?
2, 29
Suppose -4*r = -10 - 2. Suppose r*c - 2*z = 1 + 9, 2*c + 2 = -3*z. Suppose 161 = 5*s - w - 104, c*w = 5*s - 265. List the prime factors of s.
53
Suppose 0 = -2*r + 1 - 3. List the prime factors of ((-2)/6 - r)/((-6)/(-351)).
3, 13
Suppose -3*u = -10 - 14. Let b = u + 38. What are the prime factors of b?
2, 23
List the prime factors of 653*(10 + 6 + -9 + -4).
3, 653
Let l(p) = 38*p**2 + 19*p + 67. List the prime factors of l(-10).
3677
Let j be ((-6)/4)/(45/60). Let b(c) = 37*c**2 - 4*c - 11. List the prime factors of b(j).
5, 29
Let w(o) = -o**3 + 4*o**2 + 4*o - 2. Let v be w(5). Let g = -48 + v. Let x = -29 - g. What are the prime factors of x?
2, 13
Let d(p) be the first derivative of p**3/3 + 2*p**2 + 7*p - 2. Suppose 2*k - 14 = 3*c, 3*c + 4*k = k - 39. List the prime factors of d(c).
3, 13
Let t(f) = f**3 + 5. Let b be t(0). Suppose -3*p + 1264 = 5*j, b*j - 4*p = -105 + 1348. What are the prime factors of j?
251
Suppose 0 = 13*n - 15*n. Let r = n - 10. What are the prime factors of r/(-40) - (-230)/8?
29
Let i(v) = 2*v**2 - 6*v + 4. Let l be i(5). Let b = 130 + l. Let u = -82 + b. What are the prime factors of u?
2, 3
Suppose -4*w + 4*t - 3322 = -6*w, 5*w - 2*t = 8317. What are the prime factors of w?
1663
Suppose 4*u + 3*u - 210 = 0. Let y(g) = 127*g**2 - 1. Let m be y(1). List the prime factors of (m/u)/(1/5).
3, 7
Suppose -l + 4 = h, -2*h + 2*l = -2*l + 4. Suppose h*u - 10 = -a, 5 = 3*u + 2*a - 3*a. List the prime factors of (7/u)/((-5)/(-15)).
7
Let f = 52 - 29. Suppose -k - 4*n + 0*n - f = 0, n - 31 = 5*k. What are the prime factors of (-5)/(-1) + 14/k?
3
What are the prime factors of ((-16)/(-12))/4 - 4020/(-9)?
3, 149
Suppose 6*h + 6 = 9*h. Suppose -296 = -h*d - 3*q, -5*q = d + 77 - 239. List the prime factors of d.
2, 71
Let u(v) = 23*v**3 - 4*v**2 + 18*v - 89. What are the prime factors of u(4)?
13, 107
Let t be 3 + (-8)/(-1 + 5) - -2. Suppose i + i - 5*z - 11 = 0, -z = t*i - 25. List the prime factors of i.
2
Let q(n) = -n - 6. Let f be q(-11). Suppose 0*i + 5*p + 19 = i, 0 = -f*i + 3*p + 29. Suppose 57 = i*a - 163. List the prime factors of a.
5, 11
Let s(i) = -3*i**2 - 15*i + 2 + 2*i**2 + 3*i**2. What are the prime factors of s(10)?
2, 13
Let z = 4591 + -3192. What are the prime factors of z?
1399
Let y(v) = v**3 - v**2 - v + 6. Let g be y(0). Suppose 0 = -g*b + 2*b. Suppose b = -2*n - 8, -z = -5*n - 0 - 36. What are the prime factors of z?
2
Let c(u) = 24*u**2 - 13*u - 33. List the prime factors of c(-6).
3, 101
Suppose -5*r + f + 1670 = -4*f, -5*f = 4*r - 1363. Suppose 0 = 2*c - 29 - r. What are the prime factors of c?
3, 61
Let x = -41 + 47. List the prime factors of x/9*5*11*3.
2, 5, 11
Let d(o) = 163*o - 1. Let x be d(1). Suppose -2*m = -t + 4*t - x, t - 54 = -3*m. Suppose 0*y + 3*y = t. List the prime factors of y.
2, 3
Suppose 0 = p - 3*x - 169, 4*x + 517 = -96*p + 99*p. What are the prime factors of p?
5, 7
Let m(l) = l**3 - 3*l**2 - 5*l + 3. Let f be m(3). What are the prime factors of 1/(-2) + (-138)/f?
11
Let i(v) be the third derivative of v**6/180 + v**5/60 + v**4/8 + v**3/3 - v**2. Let d(b) be the first derivative of i(b). What are the prime factors of d(-2)?
7
Suppose 0 = -2*p - 5*x + 2943, -p - x + 1514 - 41 = 0. What are the prime factors of p?
2, 11, 67
Let l = -108 + 58. Let s = 119 + l. List the prime factors of s.
3, 23
Let l(x) = -303*x - 3. What are the prime factors of l(-1)?
2, 3, 5
Suppose 2*t + 9930 = 4*q, 5*q - 12425 = 4*t + t. What are the prime factors of q?
2, 5, 31
Suppose 0 = 17*q - 16*q - 486. Suppose 7*n - q - 1117 = 0. What are the prime factors of n?
229
Suppose -2*t + 24 - 24 = 0. Suppose 5*q - 534 - 636 = -5*d, t = q - d - 242. What are the prime factors of q?
2, 7, 17
Let x(h) = h**2 + 2*h - 30. List the prime factors of x(-14).
2, 3, 23
Let z(h) be the se